{"id":17,"date":"2012-12-03T09:25:05","date_gmt":"2012-12-03T09:25:05","guid":{"rendered":"http:\/\/www.vanapornosotros.com\/?page_id=17"},"modified":"2014-11-17T21:51:10","modified_gmt":"2014-11-17T20:51:10","slug":"las-secciones","status":"publish","type":"page","link":"https:\/\/www.vanapornosotros.com\/?page_id=17","title":{"rendered":"Enlaces de humor"},"content":{"rendered":"<h3><a title=\"El mundo today\" href=\"http:\/\/www.elmundotoday.com\/\" target=\"_blank\">El mundo Today<\/a><\/h3>\n<p>Peri\u00f3dico de actualidad siempre en el fijo de la noticia.<\/p>\n<h3><a href=\"http:\/\/www.elrellano.com\/\" target=\"_blank\">El rellano <\/a><\/h3>\n<p>V\u00eddeos de humor para partirse el eje.<\/p>\n<h3><a href=\"http:\/\/www.malgusto.com\/\" target=\"_blank\">Mal gusto<\/a><\/h3>\n<p>V\u00eddeos, gifs y dem\u00e1s chorradas.<\/p>\n<h3><a href=\"http:\/\/www.chistescortos.eu\/\" target=\"_blank\">Chistes cortos<\/a><\/h3>\n<p>Humor a la vieja usanza, tambi\u00e9n resoplar\u00e1s.<\/p>\n","protected":false},"excerpt":{"rendered":"<p>El mundo Today Peri\u00f3dico de actualidad siempre en el fijo de la noticia. El rellano V\u00eddeos de humor para partirse el eje. Mal gusto V\u00eddeos, gifs y dem\u00e1s chorradas. Chistes cortos Humor a la vieja usanza, tambi\u00e9n resoplar\u00e1s.<\/p>\n<div class=\"tech_read_more\"><a href=\"https:\/\/www.vanapornosotros.com\/?page_id=17\">Read More<\/a><\/div>","protected":false},"author":1,"featured_media":272,"parent":0,"menu_order":0,"comment_status":"open","ping_status":"open","template":"","meta":{"_mi_skip_tracking":false},"_links":{"self":[{"href":"https:\/\/www.vanapornosotros.com\/index.php?rest_route=\/wp\/v2\/pages\/17"}],"collection":[{"href":"https:\/\/www.vanapornosotros.com\/index.php?rest_route=\/wp\/v2\/pages"}],"about":[{"href":"https:\/\/www.vanapornosotros.com\/index.php?rest_route=\/wp\/v2\/types\/page"}],"author":[{"embeddable":true,"href":"https:\/\/www.vanapornosotros.com\/index.php?rest_route=\/wp\/v2\/users\/1"}],"replies":[{"embeddable":true,"href":"https:\/\/www.vanapornosotros.com\/index.php?rest_route=%2Fwp%2Fv2%2Fcomments&post=17"}],"version-history":[{"count":12,"href":"https:\/\/www.vanapornosotros.com\/index.php?rest_route=\/wp\/v2\/pages\/17\/revisions"}],"predecessor-version":[{"id":728,"href":"https:\/\/www.vanapornosotros.com\/index.php?rest_route=\/wp\/v2\/pages\/17\/revisions\/728"}],"wp:featuredmedia":[{"embeddable":true,"href":"https:\/\/www.vanapornosotros.com\/index.php?rest_route=\/wp\/v2\/media\/272"}],"wp:attachment":[{"href":"https:\/\/www.vanapornosotros.com\/index.php?rest_route=%2Fwp%2Fv2%2Fmedia&parent=17"}],"curies":[{"name":"wp","href":"https:\/\/api.w.org\/{rel}","templated":true}]}}